{"id":9803,"date":"2018-05-23T07:38:26","date_gmt":"2018-05-23T07:38:26","guid":{"rendered":"http:\/\/historiografija.hr\/?page_id=9803"},"modified":"2019-05-27T13:28:59","modified_gmt":"2019-05-27T13:28:59","slug":"nove-tendencije-u-historiografiji-socijalisticke-jugoslavije","status":"publish","type":"page","link":"https:\/\/historiografija.hr\/?page_id=9803","title":{"rendered":"Nove tendencije u historiografiji socijalisti\u010dke Jugoslavije"},"content":{"rendered":"<p><a href=\"https:\/\/historiografija.hr\/?p=9964\">Uvod<\/a><\/p>\n<p>&nbsp;<\/p>\n<p>Hannes Grandits, Holm Sundhaussen<br \/>\n<a href=\"https:\/\/historiografija.hr\/?p=9958\">Jugoslavija \u0161ezdesetih godina: protiv teleolo\u0161kog pristupa u istra\u017eivanju<\/a><\/p>\n<p><a href=\"https:\/\/historiografija.hr\/wp-content\/uploads\/2018\/06\/Tekst.pdf.pdf\">Tekst.pdf<\/a><\/p>\n<p>&nbsp;<\/p>\n<p>Igor Duda<br \/>\n<a href=\"https:\/\/historiografija.hr\/?p=9894\">Dru\u0161tveno i svakodnevno u istra\u017eivanju povijesti socijalisti\u010dke Jugoslavije: mapiranje podru\u010dja i tema<\/a><\/p>\n<p><a href=\"https:\/\/historiografija.hr\/wp-content\/uploads\/2018\/06\/Tekst-1.pdf-1.pdf\">Tekst.pdf<\/a><\/p>\n<p>&nbsp;<\/p>\n<p>Branimir Jankovi\u0107<br \/>\n<a href=\"https:\/\/historiografija.hr\/?p=9872\">Povijest knjige i \u010ditanja: novi pristup jugoslavenskom socijalizmu<\/a><\/p>\n<p><a href=\"https:\/\/historiografija.hr\/wp-content\/uploads\/2018\/06\/Tekst-2.pdf-2.pdf\">Tekst.pdf<\/a><\/p>\n<p>&nbsp;<\/p>\n<p>Radina Vu\u010deti\u0107<br \/>\n<a href=\"https:\/\/historiografija.hr\/?p=9891\">O jednom jubileju ili kako se (ne) se\u0107amo Jugoslavije<\/a><\/p>\n<p><a href=\"https:\/\/historiografija.hr\/wp-content\/uploads\/2018\/06\/Tekst-3.pdf-3.pdf\">Tekst.pdf<\/a><\/p>\n<p>&nbsp;<\/p>\n<p>Nemanja Radonji\u0107<br \/>\n<a href=\"https:\/\/historiografija.hr\/?p=9899\">(Post)jugoslovenska istoriografija i \u201cTre\u0107i svet\u201d<\/a><\/p>\n<p><a href=\"https:\/\/historiografija.hr\/wp-content\/uploads\/2018\/06\/Tekst-4.pdf-4.pdf\">Tekst.pdf<\/a><\/p>\n<p>&nbsp;<\/p>\n<p>Vladimir Ivanovi\u0107<\/p>\n<p><a href=\"https:\/\/historiografija.hr\/?p=9896\">Brain drain bez kofera: Jugoslovenske izbeglice u Austriji tokom 90-ih godina<\/a><\/p>\n<p><a href=\"https:\/\/historiografija.hr\/wp-content\/uploads\/2018\/06\/Tekst-pdf-1.pdf\">Tekst-pdf<\/a><\/p>\n<p>&nbsp;<\/p>\n<p>Katharina Tyran<br \/>\n<a href=\"https:\/\/historiografija.hr\/?p=9902\">Jugoslavija i manjinsko pitanje: razmatranja na primjeru gradi\u0161\u0107anskih Hrvata i koru\u0161kih Slovenaca<\/a><\/p>\n<p><a href=\"https:\/\/historiografija.hr\/wp-content\/uploads\/2018\/06\/Tekst-6.pdf-6.pdf\">Tekst.pdf<\/a><\/p>\n<p>&nbsp;<\/p>\n<p>Jure Ram\u0161ak<br \/>\n<a href=\"https:\/\/historiografija.hr\/?p=9930\">Historicizing the Left Alternative to Self-Management Socialism in the Yugoslav Centre and Periphery<\/a><\/p>\n<p><a href=\"https:\/\/historiografija.hr\/wp-content\/uploads\/2018\/06\/Tekst-7.pdf-7.pdf\">Tekst.pdf<\/a><\/p>\n<p>&nbsp;<\/p>\n<p>Borut Klabjan<br \/>\n<a href=\"https:\/\/historiografija.hr\/?p=9933\">Yugoslavia on My Mind: Politics of Memory of World War II between Slovenia and Italy<\/a><\/p>\n<p><a href=\"https:\/\/historiografija.hr\/wp-content\/uploads\/2018\/06\/Tekst-8.pdf-8.pdf\">Tekst.pdf<\/a><\/p>\n<p>&nbsp;<\/p>\n<p>Ru\u017ea Fotiadis<br \/>\n<a href=\"https:\/\/historiografija.hr\/?p=9936\">\u201eOpasni prijatelji, nevjerna bra\u0107a\u201c \u2013 bliskost i udaljenost u me\u0111unarodnim odnosima na primjeru Gr\u010dke i Jugoslavije<\/a><\/p>\n<p><a href=\"https:\/\/historiografija.hr\/wp-content\/uploads\/2018\/06\/Tekst-9.pdf-9.pdf\">Tekst.pdf<\/a><\/p>\n<p>&nbsp;<\/p>\n<p>Petar Todorov<br \/>\n<a href=\"https:\/\/historiografija.hr\/?p=9967\">Socijalisti\u010dka Jugoslavija u produkciji poslednjih dokumentarnih filmova u Makedoniji<\/a><\/p>\n<p><a href=\"https:\/\/historiografija.hr\/wp-content\/uploads\/2018\/06\/Tekst-10.pdf-10.pdf\">Tekst.pdf<\/a><\/p>\n<p>&nbsp;<\/p>\n<p>Darko Stojanov<br \/>\n<a href=\"https:\/\/historiografija.hr\/?p=9969\">Zemlja progresa ili zemlja krize: socijalisti\u010dka Jugoslavija u makedonskim ud\u017ebenicima istorije<\/a><\/p>\n<p><a href=\"https:\/\/historiografija.hr\/wp-content\/uploads\/2018\/06\/Tekst-11.pdf-11.pdf\">Tekst.pdf<\/a><\/p>\n<p>&nbsp;<\/p>\n<p>Husnija Kamberovi\u0107<br \/>\n<a href=\"https:\/\/historiografija.hr\/?p=9939\">Svjedo\u010denja politi\u010dkih aktera i njihov zna\u010daj u izu\u010davanju socijalizma u Bosni i Hercegovini<\/a><\/p>\n<p><a href=\"https:\/\/historiografija.hr\/wp-content\/uploads\/2018\/06\/Tekst-12.pdf-12.pdf\">Tekst.pdf<\/a><\/p>\n<p>&nbsp;<\/p>\n<p>Amir Duranovi\u0107<br \/>\n<a href=\"https:\/\/historiografija.hr\/?p=9942\">Islamska zajednica u Bosni i Hercegovini i socijalizam: izme\u0111u kriti\u010dke i parahistoriografije<\/a><\/p>\n<p><a href=\"https:\/\/historiografija.hr\/wp-content\/uploads\/2018\/06\/Tekst-pdf.pdf\">Tekst-pdf<\/a><\/p>\n<p>&nbsp;<\/p>\n<p>Aida Li\u010dina Rami\u0107<br \/>\n<a href=\"https:\/\/historiografija.hr\/?p=9945\">Socijalisti\u010dki grad \u2013 historiografska literatura o gradovima SFRJ na primjeru Beograda, Sarajeva i Zagreba<\/a><\/p>\n<p><a href=\"https:\/\/historiografija.hr\/wp-content\/uploads\/2018\/06\/Tekst-13.pdf-13.pdf\">Tekst.pdf<\/a><\/p>\n<p>&nbsp;<\/p>\n<p>&nbsp;<\/p>\n","protected":false},"excerpt":{"rendered":"","protected":false},"author":2,"featured_media":0,"parent":0,"menu_order":0,"comment_status":"closed","ping_status":"closed","template":"","meta":{"_acf_changed":false,"jetpack_post_was_ever_published":false,"footnotes":""},"class_list":["post-9803","page","type-page","status-publish","hentry"],"acf":[],"jetpack_sharing_enabled":true,"jetpack-related-posts":[{"id":4219,"url":"https:\/\/historiografija.hr\/?page_id=4219","url_meta":{"origin":9803,"position":0},"title":"Kliofest","author":"admin","date":"8. svibnja 2017.","format":false,"excerpt":"TRINAESTI Festival povijesti KLIOFEST 2026. Trinaesti Festival povijesti Kliofest odr\u017eava se od 5. do 8. svibnja 2026. u Nacionalnoj i sveu\u010dili\u0161noj knji\u017enici u Zagrebu, kao i na nekoliko drugih lokacija u gradu. Cijeli program dostupan je na sljede\u0107oj poveznici: https:\/\/www.kliofest.hr\/","rel":"","context":"Srodne objave","block_context":{"text":"Srodne objave","link":""},"img":{"alt_text":"","src":"","width":0,"height":0},"classes":[]},{"id":879,"url":"https:\/\/historiografija.hr\/?page_id=879","url_meta":{"origin":9803,"position":1},"title":"Impresum","author":"admin","date":"17. svibnja 2012.","format":false,"excerpt":"Internetski portal Historiografija.hr namijenjen je uspostavljanju bolje komunikacije me\u0111u hrvatskim povjesni\u010darima i znanstvenicima op\u0107enito, kao i ja\u010danju na\u0161e komunikacije s kolegicama i kolegama u inozemstvu te stru\u010dnom i \u0161irom javnosti. U najve\u0107oj mogu\u0107oj mjeri donosit \u0107e obavijesti o objavama i predstavljanjima knjiga, najavama znanstvenih i stru\u010dnih skupova i seminara te\u2026","rel":"","context":"Srodne objave","block_context":{"text":"Srodne objave","link":""},"img":{"alt_text":"","src":"","width":0,"height":0},"classes":[]}],"_links":{"self":[{"href":"https:\/\/historiografija.hr\/index.php?rest_route=\/wp\/v2\/pages\/9803","targetHints":{"allow":["GET"]}}],"collection":[{"href":"https:\/\/historiografija.hr\/index.php?rest_route=\/wp\/v2\/pages"}],"about":[{"href":"https:\/\/historiografija.hr\/index.php?rest_route=\/wp\/v2\/types\/page"}],"author":[{"embeddable":true,"href":"https:\/\/historiografija.hr\/index.php?rest_route=\/wp\/v2\/users\/2"}],"replies":[{"embeddable":true,"href":"https:\/\/historiografija.hr\/index.php?rest_route=%2Fwp%2Fv2%2Fcomments&post=9803"}],"version-history":[{"count":27,"href":"https:\/\/historiografija.hr\/index.php?rest_route=\/wp\/v2\/pages\/9803\/revisions"}],"predecessor-version":[{"id":10155,"href":"https:\/\/historiografija.hr\/index.php?rest_route=\/wp\/v2\/pages\/9803\/revisions\/10155"}],"wp:attachment":[{"href":"https:\/\/historiografija.hr\/index.php?rest_route=%2Fwp%2Fv2%2Fmedia&parent=9803"}],"curies":[{"name":"wp","href":"https:\/\/api.w.org\/{rel}","templated":true}]}}

Nove tendencije u historiografiji socijalističke Jugoslavije

<p><a href="https://historiografija.hr/?p=9964">Uvod</a></p>
<p>&nbsp;</p>
<p>Hannes Grandits, Holm Sundhaussen<br />
<a href="https://historiografija.hr/?p=9958">Jugoslavija šezdesetih godina: protiv teleološkog pristupa u istraživanju</a></p>
<p><a href="https://historiografija.hr/wp-content/uploads/2018/06/Tekst.pdf.pdf">Tekst.pdf</a></p>
<p>&nbsp;</p>
<p>Igor Duda<br />
<a href="https://historiografija.hr/?p=9894">Društveno i svakodnevno u istraživanju povijesti socijalističke Jugoslavije: mapiranje područja i tema</a></p>
<p><a href="https://historiografija.hr/wp-content/uploads/2018/06/Tekst-1.pdf-1.pdf">Tekst.pdf</a></p>
<p>&nbsp;</p>
<p>Branimir Janković<br />
<a href="https://historiografija.hr/?p=9872">Povijest knjige i čitanja: novi pristup jugoslavenskom socijalizmu</a></p>
<p><a href="https://historiografija.hr/wp-content/uploads/2018/06/Tekst-2.pdf-2.pdf">Tekst.pdf</a></p>
<p>&nbsp;</p>
<p>Radina Vučetić<br />
<a href="https://historiografija.hr/?p=9891">O jednom jubileju ili kako se (ne) sećamo Jugoslavije</a></p>
<p><a href="https://historiografija.hr/wp-content/uploads/2018/06/Tekst-3.pdf-3.pdf">Tekst.pdf</a></p>
<p>&nbsp;</p>
<p>Nemanja Radonjić<br />
<a href="https://historiografija.hr/?p=9899">(Post)jugoslovenska istoriografija i “Treći svet”</a></p>
<p><a href="https://historiografija.hr/wp-content/uploads/2018/06/Tekst-4.pdf-4.pdf">Tekst.pdf</a></p>
<p>&nbsp;</p>
<p>Vladimir Ivanović</p>
<p><a href="https://historiografija.hr/?p=9896">Brain drain bez kofera: Jugoslovenske izbeglice u Austriji tokom 90-ih godina</a></p>
<p><a href="https://historiografija.hr/wp-content/uploads/2018/06/Tekst-pdf-1.pdf">Tekst-pdf</a></p>
<p>&nbsp;</p>
<p>Katharina Tyran<br />
<a href="https://historiografija.hr/?p=9902">Jugoslavija i manjinsko pitanje: razmatranja na primjeru gradišćanskih Hrvata i koruških Slovenaca</a></p>
<p><a href="https://historiografija.hr/wp-content/uploads/2018/06/Tekst-6.pdf-6.pdf">Tekst.pdf</a></p>
<p>&nbsp;</p>
<p>Jure Ramšak<br />
<a href="https://historiografija.hr/?p=9930">Historicizing the Left Alternative to Self-Management Socialism in the Yugoslav Centre and Periphery</a></p>
<p><a href="https://historiografija.hr/wp-content/uploads/2018/06/Tekst-7.pdf-7.pdf">Tekst.pdf</a></p>
<p>&nbsp;</p>
<p>Borut Klabjan<br />
<a href="https://historiografija.hr/?p=9933">Yugoslavia on My Mind: Politics of Memory of World War II between Slovenia and Italy</a></p>
<p><a href="https://historiografija.hr/wp-content/uploads/2018/06/Tekst-8.pdf-8.pdf">Tekst.pdf</a></p>
<p>&nbsp;</p>
<p>Ruža Fotiadis<br />
<a href="https://historiografija.hr/?p=9936">„Opasni prijatelji, nevjerna braća“ – bliskost i udaljenost u međunarodnim odnosima na primjeru Grčke i Jugoslavije</a></p>
<p><a href="https://historiografija.hr/wp-content/uploads/2018/06/Tekst-9.pdf-9.pdf">Tekst.pdf</a></p>
<p>&nbsp;</p>
<p>Petar Todorov<br />
<a href="https://historiografija.hr/?p=9967">Socijalistička Jugoslavija u produkciji poslednjih dokumentarnih filmova u Makedoniji</a></p>
<p><a href="https://historiografija.hr/wp-content/uploads/2018/06/Tekst-10.pdf-10.pdf">Tekst.pdf</a></p>
<p>&nbsp;</p>
<p>Darko Stojanov<br />
<a href="https://historiografija.hr/?p=9969">Zemlja progresa ili zemlja krize: socijalistička Jugoslavija u makedonskim udžbenicima istorije</a></p>
<p><a href="https://historiografija.hr/wp-content/uploads/2018/06/Tekst-11.pdf-11.pdf">Tekst.pdf</a></p>
<p>&nbsp;</p>
<p>Husnija Kamberović<br />
<a href="https://historiografija.hr/?p=9939">Svjedočenja političkih aktera i njihov značaj u izučavanju socijalizma u Bosni i Hercegovini</a></p>
<p><a href="https://historiografija.hr/wp-content/uploads/2018/06/Tekst-12.pdf-12.pdf">Tekst.pdf</a></p>
<p>&nbsp;</p>
<p>Amir Duranović<br />
<a href="https://historiografija.hr/?p=9942">Islamska zajednica u Bosni i Hercegovini i socijalizam: između kritičke i parahistoriografije</a></p>
<p><a href="https://historiografija.hr/wp-content/uploads/2018/06/Tekst-pdf.pdf">Tekst-pdf</a></p>
<p>&nbsp;</p>
<p>Aida Ličina Ramić<br />
<a href="https://historiografija.hr/?p=9945">Socijalistički grad – historiografska literatura o gradovima SFRJ na primjeru Beograda, Sarajeva i Zagreba</a></p>
<p><a href="https://historiografija.hr/wp-content/uploads/2018/06/Tekst-13.pdf-13.pdf">Tekst.pdf</a></p>
<p>&nbsp;</p>
<p>&nbsp;</p>

TRINAESTI Festival povijesti KLIOFEST 2026. Trinaesti Festival povijesti Kliofest održava se od 5. do 8. svibnja 2026. u Nacionalnoj i sveučilišnoj knjižnici u Zagrebu, kao i na nekoliko drugih lokacija u gradu. Cijeli program dostupan je na sljedećoj poveznici: https://www.kliofest.hr/

Internetski portal Historiografija.hr namijenjen je uspostavljanju bolje komunikacije među hrvatskim povjesničarima i znanstvenicima općenito, kao i jačanju naše komunikacije s kolegicama i kolegama u inozemstvu te stručnom i širom javnosti. U najvećoj mogućoj mjeri donosit će obavijesti o objavama i predstavljanjima knjiga, najavama znanstvenih i stručnih skupova i seminara te…
